{"version":"1.0","provider_name":"ACQUA VIVA PRODUCTION","provider_url":"https:\/\/acquavivaproduction.fr","author_name":"Acqua Viva Production","author_url":"https:\/\/acquavivaproduction.fr\/author\/cololo\/","title":"Le M\u00e9morial de la Lib\u00e9ration","html":"<!-- wp:tadv\/classic-paragraph -->\n<p>Conception et r\u00e9alisation d\u2019une exposition d\u00e9di\u00e9e \u00e0 la Lib\u00e9ration de Saint-Malo, dans le cadre du cinquantenaire du d\u00e9barquement en Normandie \/ cr\u00e9ation de plusieurs espaces (cabine de bombardier, ruines de la ville, souterrains de la forteresse, espaces portuaires\u2026<\/p>\n<p>Sc\u00e9nographie de Jacques L\u00e9lut \/ 600 m2 \/ 30 000 visiteurs<\/p>\n<!-- \/wp:tadv\/classic-paragraph -->","type":"rich","thumbnail_url":"https:\/\/acquavivaproduction.fr\/wp-content\/uploads\/2015\/02\/Capture-d\u2019\u00e9cran-2015-02-19-\u00e0-20.14.33_700x500_acf_cropped-293x210.png","thumbnail_width":293,"thumbnail_height":210}

Le Mémorial de la Libération

<!-- wp:tadv/classic-paragraph -->
<p>Conception et réalisation d’une exposition dédiée à la Libération de Saint-Malo, dans le cadre du cinquantenaire du débarquement en Normandie / création de plusieurs espaces (cabine de bombardier, ruines de la ville, souterrains de la forteresse, espaces portuaires…</p>
<p>Scénographie de Jacques Lélut / 600 m2 / 30 000 visiteurs</p>
<!-- /wp:tadv/classic-paragraph -->

https://acquavivaproduction.fr/wp-content/uploads/2015/02/Capture-d’écran-2015-02-19-à-20.14.33_700x500_acf_cropped-293x210.png
